{"version":"1.0","provider_name":"Freundeskreis des MAISON DE FRANCE e.V.","provider_url":"https:\/\/maisondefrance.de\/fr","author_name":"admin","author_url":"https:\/\/maisondefrance.de\/fr\/author\/mdfadmin1\/","title":"B\u00fccherbasar am 10. und 11.10.25 - Freundeskreis des MAISON DE FRANCE e.V.","type":"rich","width":600,"height":338,"html":"<blockquote class=\"wp-embedded-content\" data-secret=\"NDbYvQnq2N\"><a href=\"https:\/\/maisondefrance.de\/fr\/buecherbasar-am-10-und-11-10-25\/\">B\u00fccherbasar les 10 et 11 octobre 25<\/a><\/blockquote><iframe sandbox=\"allow-scripts\" security=\"restricted\" src=\"https:\/\/maisondefrance.de\/fr\/buecherbasar-am-10-und-11-10-25\/embed\/#?secret=NDbYvQnq2N\" width=\"600\" height=\"338\" title=\"\u00ab\u00a0B\u00fccherbasar am 10. und 11.10.25\u00a0\u00bb &#8212; Freundeskreis des MAISON DE FRANCE e.V.\" data-secret=\"NDbYvQnq2N\" frameborder=\"0\" marginwidth=\"0\" marginheight=\"0\" scrolling=\"no\" class=\"wp-embedded-content\"><\/iframe><script>\n\/*! This file is auto-generated *\/\n!function(d,l){\"use strict\";l.querySelector&&d.addEventListener&&\"undefined\"!=typeof URL&&(d.wp=d.wp||{},d.wp.receiveEmbedMessage||(d.wp.receiveEmbedMessage=function(e){var t=e.data;if((t||t.secret||t.message||t.value)&&!\/[^a-zA-Z0-9]\/.test(t.secret)){for(var s,r,n,a=l.querySelectorAll('iframe[data-secret=\"'+t.secret+'\"]'),o=l.querySelectorAll('blockquote[data-secret=\"'+t.secret+'\"]'),c=new RegExp(\"^https?:$\",\"i\"),i=0;i<o.length;i++)o[i].style.display=\"none\";for(i=0;i<a.length;i++)s=a[i],e.source===s.contentWindow&&(s.removeAttribute(\"style\"),\"height\"===t.message?(1e3<(r=parseInt(t.value,10))?r=1e3:~~r<200&&(r=200),s.height=r):\"link\"===t.message&&(r=new URL(s.getAttribute(\"src\")),n=new URL(t.value),c.test(n.protocol))&&n.host===r.host&&l.activeElement===s&&(d.top.location.href=t.value))}},d.addEventListener(\"message\",d.wp.receiveEmbedMessage,!1),l.addEventListener(\"DOMContentLoaded\",function(){for(var e,t,s=l.querySelectorAll(\"iframe.wp-embedded-content\"),r=0;r<s.length;r++)(t=(e=s[r]).getAttribute(\"data-secret\"))||(t=Math.random().toString(36).substring(2,12),e.src+=\"#?secret=\"+t,e.setAttribute(\"data-secret\",t)),e.contentWindow.postMessage({message:\"ready\",secret:t},\"*\")},!1)))}(window,document);\n\/\/# sourceURL=https:\/\/maisondefrance.de\/wp-includes\/js\/wp-embed.min.js\n<\/script>","thumbnail_url":"https:\/\/maisondefrance.de\/wp-content\/uploads\/2024\/09\/bandeau-Bucherbasar-2024-940x-copie.webp","thumbnail_width":960,"thumbnail_height":540,"description":"\u00a0 Am Freitag, den 10. und Samstag, den 11. Oktober, nach der j\u00e4hrlichen Sortierung der verschiedenen Sammlungen und den eingegangenen Spenden, hat die Bibliothek des Institut fran\u00e7ais zahlreiche B\u00fccher (ab 2\u20ac) f\u00fcr Jugendliche und Erwachsene zum Verkauf angeboten : Romane, Krimis, Alben, Comics, Kunstb\u00fccher, u.s.w&#8230;.Im Saal Boris Vian des Institut fran\u00e7ais Berlin (4. OG) Der [&hellip;]"}

Bücherbasar am 10. und 11.10.25 - Freundeskreis des MAISON DE FRANCE e.V.

<blockquote class="wp-embedded-content" data-secret="NDbYvQnq2N"><a href="https://maisondefrance.de/fr/buecherbasar-am-10-und-11-10-25/">Bücherbasar les 10 et 11 octobre 25</a></blockquote><iframe sandbox="allow-scripts" security="restricted" src="https://maisondefrance.de/fr/buecherbasar-am-10-und-11-10-25/embed/#?secret=NDbYvQnq2N" width="600" height="338" title="« Bücherbasar am 10. und 11.10.25 » &#8212; Freundeskreis des MAISON DE FRANCE e.V." data-secret="NDbYvQnq2N" frameborder="0" marginwidth="0" marginheight="0" scrolling="no" class="wp-embedded-content"></iframe><script>
/*! This file is auto-generated */
!function(d,l){"use strict";l.querySelector&&d.addEventListener&&"undefined"!=typeof URL&&(d.wp=d.wp||{},d.wp.receiveEmbedMessage||(d.wp.receiveEmbedMessage=function(e){var t=e.data;if((t||t.secret||t.message||t.value)&&!/[^a-zA-Z0-9]/.test(t.secret)){for(var s,r,n,a=l.querySelectorAll('iframe[data-secret="'+t.secret+'"]'),o=l.querySelectorAll('blockquote[data-secret="'+t.secret+'"]'),c=new RegExp("^https?:$","i"),i=0;i<o.length;i++)o[i].style.display="none";for(i=0;i<a.length;i++)s=a[i],e.source===s.contentWindow&&(s.removeAttribute("style"),"height"===t.message?(1e3<(r=parseInt(t.value,10))?r=1e3:~~r<200&&(r=200),s.height=r):"link"===t.message&&(r=new URL(s.getAttribute("src")),n=new URL(t.value),c.test(n.protocol))&&n.host===r.host&&l.activeElement===s&&(d.top.location.href=t.value))}},d.addEventListener("message",d.wp.receiveEmbedMessage,!1),l.addEventListener("DOMContentLoaded",function(){for(var e,t,s=l.querySelectorAll("iframe.wp-embedded-content"),r=0;r<s.length;r++)(t=(e=s[r]).getAttribute("data-secret"))||(t=Math.random().toString(36).substring(2,12),e.src+="#?secret="+t,e.setAttribute("data-secret",t)),e.contentWindow.postMessage({message:"ready",secret:t},"*")},!1)))}(window,document);
//# sourceURL=https://maisondefrance.de/wp-includes/js/wp-embed.min.js
</script>

Am Freitag, den 10. und Samstag, den 11. Oktober, nach der jährlichen Sortierung der verschiedenen Sammlungen und den eingegangenen Spenden, hat die Bibliothek des Institut français zahlreiche Bücher (ab 2€) für Jugendliche und Erwachsene zum Verkauf angeboten : Romane, Krimis, Alben, Comics, Kunstbücher, u.s.w&#8230;.Im Saal Boris Vian des Institut français Berlin (4. OG) Der [&hellip;]
