{"version":"1.0","provider_name":"Freundeskreis des MAISON DE FRANCE e.V.","provider_url":"https:\/\/maisondefrance.de\/fr","author_name":"admin","author_url":"https:\/\/maisondefrance.de\/fr\/author\/mdfadmin1\/","title":"Lesung Radatouille am 09.07.25 - Freundeskreis des MAISON DE FRANCE e.V.","type":"rich","width":600,"height":338,"html":"<blockquote class=\"wp-embedded-content\" data-secret=\"e9VcqFZPkA\"><a href=\"https:\/\/maisondefrance.de\/fr\/lesung-radatouille-am-09-07-25\/\">Lecture Radatouille le 09.07.25<\/a><\/blockquote><iframe sandbox=\"allow-scripts\" security=\"restricted\" src=\"https:\/\/maisondefrance.de\/fr\/lesung-radatouille-am-09-07-25\/embed\/#?secret=e9VcqFZPkA\" width=\"600\" height=\"338\" title=\"\u00ab\u00a0Lesung Radatouille am 09.07.25\u00a0\u00bb &#8212; Freundeskreis des MAISON DE FRANCE e.V.\" data-secret=\"e9VcqFZPkA\" frameborder=\"0\" marginwidth=\"0\" marginheight=\"0\" scrolling=\"no\" class=\"wp-embedded-content\"><\/iframe><script>\n\/*! This file is auto-generated *\/\n!function(d,l){\"use strict\";l.querySelector&&d.addEventListener&&\"undefined\"!=typeof URL&&(d.wp=d.wp||{},d.wp.receiveEmbedMessage||(d.wp.receiveEmbedMessage=function(e){var t=e.data;if((t||t.secret||t.message||t.value)&&!\/[^a-zA-Z0-9]\/.test(t.secret)){for(var s,r,n,a=l.querySelectorAll('iframe[data-secret=\"'+t.secret+'\"]'),o=l.querySelectorAll('blockquote[data-secret=\"'+t.secret+'\"]'),c=new RegExp(\"^https?:$\",\"i\"),i=0;i<o.length;i++)o[i].style.display=\"none\";for(i=0;i<a.length;i++)s=a[i],e.source===s.contentWindow&&(s.removeAttribute(\"style\"),\"height\"===t.message?(1e3<(r=parseInt(t.value,10))?r=1e3:~~r<200&&(r=200),s.height=r):\"link\"===t.message&&(r=new URL(s.getAttribute(\"src\")),n=new URL(t.value),c.test(n.protocol))&&n.host===r.host&&l.activeElement===s&&(d.top.location.href=t.value))}},d.addEventListener(\"message\",d.wp.receiveEmbedMessage,!1),l.addEventListener(\"DOMContentLoaded\",function(){for(var e,t,s=l.querySelectorAll(\"iframe.wp-embedded-content\"),r=0;r<s.length;r++)(t=(e=s[r]).getAttribute(\"data-secret\"))||(t=Math.random().toString(36).substring(2,12),e.src+=\"#?secret=\"+t,e.setAttribute(\"data-secret\",t)),e.contentWindow.postMessage({message:\"ready\",secret:t},\"*\")},!1)))}(window,document);\n\/\/# sourceURL=https:\/\/maisondefrance.de\/wp-includes\/js\/wp-embed.min.js\n<\/script>","thumbnail_url":"https:\/\/maisondefrance.de\/wp-content\/uploads\/2025\/07\/Plakat-Radtatouille.jpg","thumbnail_width":1403,"thumbnail_height":2318,"description":"Lesung Radatouille am 09. Juli 2025 Am Mittwoch, den 9. Juli 2025, las der deutsch-franz\u00f6sische Journalist Jean-Marie Magro im Dorint Hotel Kurf\u00fcrstendamm aus seinem neuen Buch \u201eRadatouille\u201c vor. P\u00fcnktlich zum Auftakt der diesj\u00e4hrigen Tour de France entf\u00fchrte er die zahlreichen Zuh\u00f6rern auf eine Reise durch unser charmantes Nachbarland, das er letztes Jahr auf dem Sattel [&hellip;]"}

Lesung Radatouille am 09. Juli 2025 Am Mittwoch, den 9. Juli 2025, las der deutsch-französische Journalist Jean-Marie Magro im Dorint Hotel Kurfürstendamm aus seinem neuen Buch „Radatouille“ vor. Pünktlich zum Auftakt der diesjährigen Tour de France entführte er die zahlreichen Zuhörern auf eine Reise durch unser charmantes Nachbarland, das er letztes Jahr auf dem Sattel [&hellip;]
